{"id":1153,"date":"2021-10-02T07:11:58","date_gmt":"2021-10-02T07:11:58","guid":{"rendered":"http:\/\/eltern1x1.de\/?page_id=1153"},"modified":"2021-12-13T22:23:00","modified_gmt":"2021-12-13T21:23:00","slug":"vertragsunterlagen_k","status":"publish","type":"page","link":"https:\/\/eltern1x1.de\/index.php\/vertragsunterlagen_k\/","title":{"rendered":"Vertrags&shy;unterlagen f\u00fcr gesetzlich Kranken&shy;versicherte"},"content":{"rendered":"\n<p>Bitte laden Sie sich den\u00a0<strong>Behandlungsvertrag\u00a0<\/strong>und die\u00a0<strong><strong>allgemeinen Vertragsbedingungen<\/strong>\u00a0<\/strong>herunter und drucken diese jeweils zwei mal aus. Je ein Exemplar ist f\u00fcr Ihre Unterlagen, das andere bringen Sie bitte ausgef\u00fcllt und unterschrieben zum Aufnahmegespr\u00e4ch mit. Sollten Sie die Dokumente nicht ausdrucken k\u00f6nnen, lesen Sie sich diese bitte vor unserem Termin durch und unterschreiben dann alles vor Ort.<br><br><\/p>\n\n\n\n<p> Behandlungsvertrag <\/p>\n\n\n\n<div class=\"wp-block-file\"><a href=\"https:\/\/eltern1x1.de\/wp-content\/uploads\/Form-Behandlungsvertrag-Kasse.pdf\" class=\"wp-block-file__button\" download>Herunterladen<\/a><\/div>\n\n\n\n<p><\/p>\n\n\n\n<p> allgemeine Vertragsbedingungen <\/p>\n\n\n\n<div class=\"wp-block-file\"><a href=\"https:\/\/eltern1x1.de\/wp-content\/uploads\/Vertragsbedingungen.pdf\" class=\"wp-block-file__button\" download>Herunterladen<\/a><\/div>\n","protected":false},"excerpt":{"rendered":"<p>Bitte laden Sie sich den\u00a0Behandlungsvertrag\u00a0und die\u00a0allgemeinen Vertragsbedingungen\u00a0herunter und drucken diese jeweils zwei mal aus. Je ein Exemplar ist f\u00fcr Ihre Unterlagen, das andere bringen Sie bitte ausgef\u00fcllt und unterschrieben zum Aufnahmegespr\u00e4ch mit. Sollten Sie die Dokumente nicht ausdrucken k\u00f6nnen, lesen Sie sich diese bitte vor unserem Termin durch und unterschreiben dann alles vor Ort. Behandlungsvertrag [&hellip;]<\/p>\n","protected":false},"author":1,"featured_media":0,"parent":0,"menu_order":0,"comment_status":"closed","ping_status":"closed","template":"","meta":{"footnotes":""},"class_list":["post-1153","page","type-page","status-publish","hentry"],"_links":{"self":[{"href":"https:\/\/eltern1x1.de\/index.php\/wp-json\/wp\/v2\/pages\/1153","targetHints":{"allow":["GET"]}}],"collection":[{"href":"https:\/\/eltern1x1.de\/index.php\/wp-json\/wp\/v2\/pages"}],"about":[{"href":"https:\/\/eltern1x1.de\/index.php\/wp-json\/wp\/v2\/types\/page"}],"author":[{"embeddable":true,"href":"https:\/\/eltern1x1.de\/index.php\/wp-json\/wp\/v2\/users\/1"}],"replies":[{"embeddable":true,"href":"https:\/\/eltern1x1.de\/index.php\/wp-json\/wp\/v2\/comments?post=1153"}],"version-history":[{"count":14,"href":"https:\/\/eltern1x1.de\/index.php\/wp-json\/wp\/v2\/pages\/1153\/revisions"}],"predecessor-version":[{"id":1639,"href":"https:\/\/eltern1x1.de\/index.php\/wp-json\/wp\/v2\/pages\/1153\/revisions\/1639"}],"wp:attachment":[{"href":"https:\/\/eltern1x1.de\/index.php\/wp-json\/wp\/v2\/media?parent=1153"}],"curies":[{"name":"wp","href":"https:\/\/api.w.org\/{rel}","templated":true}]}}