{"id":1927,"date":"2022-09-21T23:10:03","date_gmt":"2022-09-21T21:10:03","guid":{"rendered":"http:\/\/eltern1x1.de\/?page_id=1927"},"modified":"2022-09-21T23:30:30","modified_gmt":"2022-09-21T21:30:30","slug":"bindung-entwicklung-tausend-fragen","status":"publish","type":"page","link":"https:\/\/eltern1x1.de\/index.php\/bindung-entwicklung-tausend-fragen\/","title":{"rendered":"Bindung-Entwicklung-tausend Fragen"},"content":{"rendered":"\n<div class=\"wp-block-columns is-layout-flex wp-container-core-columns-is-layout-9d6595d7 wp-block-columns-is-layout-flex\">\n<div class=\"wp-block-column .h2-rot-schwarz { color: red; background-color: black; } is-layout-flow wp-block-column-is-layout-flow\">\n<p class=\"has-text-align-center has-text-color has-background has-medium-font-size\" style=\"background-color:#f2a36e;color:#843c0c\"><strong><strong>Bindung-Entwicklung-tausend Fragen<\/strong><\/strong><\/p>\n\n\n\n<div class=\"wp-block-columns is-layout-flex wp-container-core-columns-is-layout-9d6595d7 wp-block-columns-is-layout-flex\">\n<div class=\"wp-block-column is-layout-flow wp-block-column-is-layout-flow\">\n<blockquote class=\"wp-block-quote is-layout-flow wp-block-quote-is-layout-flow\"><p><em>&#8222;Wo ist nur die Bedienungsanleitung f\u00fcr mein Kind?<\/em><em>&#8222;<\/em><\/p><\/blockquote>\n\n\n\n<p class=\"has-text-color\" style=\"color:#843c0c\">Dieses Angebot richtet sich in lockerer Runde an M\u00fctter und V\u00e4ter von Kindern im Alter zwischen drei und achtzehn Monaten. Hierbei geht es um wichtige Themen wie die Bed\u00fcrfnisse von Babys<br>und Kleinkindern. Wir sprechen \u00fcber die Entwicklung der Kinder in dieser Altersspanne und vertiefen unser Wissen \u00fcber die Bedeutsamkeit der Eltern-Kind-Bindung.<br>Neben kleinen Vortr\u00e4gen, werden alle Ihre Fragen beantwortet und es bleibt auch Zeit sich mit anderen Eltern auszutauschen. Dabei genie\u00dfen Ihre Spr\u00f6\u00dflinge den Kontakt mit weiteren kleinen Besuchern.<br>Kaffee, Tee oder Wasser ist im Preis mit inbegriffen.<\/p>\n\n\n\n<p class=\"has-text-color\" style=\"color:#b54b65\"><\/p>\n<\/div>\n\n\n\n<div class=\"wp-block-column is-layout-flow wp-block-column-is-layout-flow\">\n<div class=\"wp-block-image\"><figure class=\"alignright size-large\"><img loading=\"lazy\" decoding=\"async\" width=\"1024\" height=\"460\" src=\"https:\/\/eltern1x1.de\/wp-content\/uploads\/Kursogo_BEtF_BW-1024x460.jpg\" alt=\"\" class=\"wp-image-1930\" srcset=\"https:\/\/eltern1x1.de\/wp-content\/uploads\/Kursogo_BEtF_BW-1024x460.jpg 1024w, https:\/\/eltern1x1.de\/wp-content\/uploads\/Kursogo_BEtF_BW-300x135.jpg 300w, https:\/\/eltern1x1.de\/wp-content\/uploads\/Kursogo_BEtF_BW-768x345.jpg 768w, https:\/\/eltern1x1.de\/wp-content\/uploads\/Kursogo_BEtF_BW-600x269.jpg 600w, https:\/\/eltern1x1.de\/wp-content\/uploads\/Kursogo_BEtF_BW.jpg 1176w\" sizes=\"auto, (max-width: 1024px) 100vw, 1024px\" \/><\/figure><\/div>\n<\/div>\n<\/div>\n\n\n\n<div class=\"wp-block-buttons is-layout-flex wp-block-buttons-is-layout-flex\">\n<div class=\"wp-block-button\"><a class=\"wp-block-button__link has-text-color has-background\" href=\"https:\/\/eltern1x1.de\/index.php\/produkt-kategorie\/bindung-entwicklung-tausend-fragen\/\" style=\"background-color:#f2a36e;color:#843c0c\">Termine und Buchung<\/a><\/div>\n<\/div>\n<\/div>\n<\/div>\n\n\n\n<p><\/p>\n","protected":false},"excerpt":{"rendered":"<p>Bindung-Entwicklung-tausend Fragen &#8222;Wo ist nur die Bedienungsanleitung f\u00fcr mein Kind?&#8222; Dieses Angebot richtet sich in lockerer Runde an M\u00fctter und V\u00e4ter von Kindern im Alter zwischen drei und achtzehn Monaten. Hierbei geht es um wichtige Themen wie die Bed\u00fcrfnisse von Babysund Kleinkindern. Wir sprechen \u00fcber die Entwicklung der Kinder in dieser Altersspanne und vertiefen unser [&hellip;]<\/p>\n","protected":false},"author":1,"featured_media":0,"parent":0,"menu_order":1,"comment_status":"closed","ping_status":"closed","template":"page-fullwidth.php","meta":{"footnotes":""},"class_list":["post-1927","page","type-page","status-publish","hentry"],"_links":{"self":[{"href":"https:\/\/eltern1x1.de\/index.php\/wp-json\/wp\/v2\/pages\/1927","targetHints":{"allow":["GET"]}}],"collection":[{"href":"https:\/\/eltern1x1.de\/index.php\/wp-json\/wp\/v2\/pages"}],"about":[{"href":"https:\/\/eltern1x1.de\/index.php\/wp-json\/wp\/v2\/types\/page"}],"author":[{"embeddable":true,"href":"https:\/\/eltern1x1.de\/index.php\/wp-json\/wp\/v2\/users\/1"}],"replies":[{"embeddable":true,"href":"https:\/\/eltern1x1.de\/index.php\/wp-json\/wp\/v2\/comments?post=1927"}],"version-history":[{"count":8,"href":"https:\/\/eltern1x1.de\/index.php\/wp-json\/wp\/v2\/pages\/1927\/revisions"}],"predecessor-version":[{"id":1940,"href":"https:\/\/eltern1x1.de\/index.php\/wp-json\/wp\/v2\/pages\/1927\/revisions\/1940"}],"wp:attachment":[{"href":"https:\/\/eltern1x1.de\/index.php\/wp-json\/wp\/v2\/media?parent=1927"}],"curies":[{"name":"wp","href":"https:\/\/api.w.org\/{rel}","templated":true}]}}