{"id":243,"date":"2020-11-09T22:05:28","date_gmt":"2020-11-09T22:05:28","guid":{"rendered":"http:\/\/eltern1x1.de\/?page_id=243"},"modified":"2021-09-17T20:43:53","modified_gmt":"2021-09-17T20:43:53","slug":"elternberatung","status":"publish","type":"page","link":"https:\/\/eltern1x1.de\/index.php\/elternberatung\/","title":{"rendered":"Eltern&shy;beratung"},"content":{"rendered":"\n<p class=\"has-text-align-center has-pale-cyan-blue-background-color has-text-color has-background has-medium-font-size\" style=\"color:#00139e\"><strong>Eltern\u00adberatung<\/strong><\/p>\n\n\n\n<div class=\"wp-block-columns is-layout-flex wp-container-core-columns-is-layout-9d6595d7 wp-block-columns-is-layout-flex\">\n<div class=\"wp-block-column is-layout-flow wp-block-column-is-layout-flow\">\n<figure class=\"wp-block-image size-large is-resized\"><img loading=\"lazy\" decoding=\"async\" src=\"https:\/\/eltern1x1.de\/wp-content\/uploads\/m_f_k_2-1024x822.jpg\" alt=\"\" class=\"wp-image-292\" width=\"410\" height=\"329\" srcset=\"https:\/\/eltern1x1.de\/wp-content\/uploads\/m_f_k_2-1024x822.jpg 1024w, https:\/\/eltern1x1.de\/wp-content\/uploads\/m_f_k_2-600x482.jpg 600w, https:\/\/eltern1x1.de\/wp-content\/uploads\/m_f_k_2-300x241.jpg 300w, https:\/\/eltern1x1.de\/wp-content\/uploads\/m_f_k_2-768x616.jpg 768w, https:\/\/eltern1x1.de\/wp-content\/uploads\/m_f_k_2.jpg 1272w\" sizes=\"auto, (max-width: 410px) 100vw, 410px\" \/><\/figure>\n<\/div>\n\n\n\n<div class=\"wp-block-column is-layout-flow wp-block-column-is-layout-flow\">\n<blockquote class=\"wp-block-quote is-layout-flow wp-block-quote-is-layout-flow\"><p><em>Der Papa st\u00f6hnt, die Mama schreit,<br>doch Kindlein hat grad keine Zeit,<br>das Spielzeug wieder aufzur\u00e4umen,<br>sich zu konzentrieren, statt zu tr\u00e4umen,<br>die Lampe nicht vom Schrank zu sto\u00dfen,<br>sich zu benehmen wie die Gro\u00dfen,<br>doch endlich mal den Mund zu halten,<br>und nicht zu reden, wie die Alten,<br>sich anzuziehen, wenn es eilt,<br>was abzugeben, weil &#8222;man&#8220; teilt.<br>Wie sch\u00f6n w\u00e4r&#8217;s doch, wenn Eltern lachen,<br>auch wenn die Kinder nicht das machen,<br>was grad so wichtig scheint zu sein,<br>in einem entspannten Vater &#8211; Mutter &#8211; Kind &#8211; Verein.<\/em><\/p><cite>Meike Schulze, 2020<\/cite><\/blockquote>\n<\/div>\n<\/div>\n\n\n\n<p class=\"has-text-color\" style=\"color:#00139e\">Wollen Sie Situationen, in denen Sie genervt sind, gerne mit neuen Ideen begegnen, um diese zu entspannen? <br>M\u00f6chten Sie die Entwicklungsschritte Ihres Kindes bewusst begleiten, damit Sie typische Elternirrt\u00fcmer vermeiden? <br>Kennen Sie auch solche Momente, in denen Sie gerne verstehen w\u00fcrden, was gerade mit Ihrem Kind los ist?<br><br><\/p>\n\n\n\n<p><\/p>\n\n\n\n<div class=\"wp-block-buttons is-layout-flex wp-block-buttons-is-layout-flex\">\n<div class=\"wp-block-button\"><a class=\"wp-block-button__link has-pale-cyan-blue-background-color has-text-color has-background\" href=\"https:\/\/eltern1x1.de\/index.php\/buchung-elternberatung\/\" style=\"color:#00139e\">Details und Buchung<\/a><\/div>\n<\/div>\n\n\n\n<p><\/p>\n","protected":false},"excerpt":{"rendered":"<p>Eltern\u00adberatung Der Papa st\u00f6hnt, die Mama schreit,doch Kindlein hat grad keine Zeit,das Spielzeug wieder aufzur\u00e4umen,sich zu konzentrieren, statt zu tr\u00e4umen,die Lampe nicht vom Schrank zu sto\u00dfen,sich zu benehmen wie die Gro\u00dfen,doch endlich mal den Mund zu halten,und nicht zu reden, wie die Alten,sich anzuziehen, wenn es eilt,was abzugeben, weil &#8222;man&#8220; teilt.Wie sch\u00f6n w\u00e4r&#8217;s doch, wenn [&hellip;]<\/p>\n","protected":false},"author":1,"featured_media":0,"parent":0,"menu_order":0,"comment_status":"closed","ping_status":"closed","template":"page-fullwidth.php","meta":{"footnotes":""},"class_list":["post-243","page","type-page","status-publish","hentry"],"_links":{"self":[{"href":"https:\/\/eltern1x1.de\/index.php\/wp-json\/wp\/v2\/pages\/243","targetHints":{"allow":["GET"]}}],"collection":[{"href":"https:\/\/eltern1x1.de\/index.php\/wp-json\/wp\/v2\/pages"}],"about":[{"href":"https:\/\/eltern1x1.de\/index.php\/wp-json\/wp\/v2\/types\/page"}],"author":[{"embeddable":true,"href":"https:\/\/eltern1x1.de\/index.php\/wp-json\/wp\/v2\/users\/1"}],"replies":[{"embeddable":true,"href":"https:\/\/eltern1x1.de\/index.php\/wp-json\/wp\/v2\/comments?post=243"}],"version-history":[{"count":36,"href":"https:\/\/eltern1x1.de\/index.php\/wp-json\/wp\/v2\/pages\/243\/revisions"}],"predecessor-version":[{"id":970,"href":"https:\/\/eltern1x1.de\/index.php\/wp-json\/wp\/v2\/pages\/243\/revisions\/970"}],"wp:attachment":[{"href":"https:\/\/eltern1x1.de\/index.php\/wp-json\/wp\/v2\/media?parent=243"}],"curies":[{"name":"wp","href":"https:\/\/api.w.org\/{rel}","templated":true}]}}