{"id":554,"date":"2021-01-26T20:30:28","date_gmt":"2021-01-26T20:30:28","guid":{"rendered":"http:\/\/eltern1x1.de\/?page_id=554"},"modified":"2021-10-19T18:59:01","modified_gmt":"2021-10-19T16:59:01","slug":"rueckbildungsgymnastik-2","status":"publish","type":"page","link":"https:\/\/eltern1x1.de\/index.php\/rueckbildungsgymnastik-2\/","title":{"rendered":"R\u00fcckbildungs&shy;gymnastik Buchung"},"content":{"rendered":"\n<div class=\"wp-block-columns is-layout-flex wp-container-core-columns-is-layout-9d6595d7 wp-block-columns-is-layout-flex\">\n<div class=\"wp-block-column is-layout-flow wp-block-column-is-layout-flow\">\n<div class=\"wp-block-columns is-layout-flex wp-container-core-columns-is-layout-9d6595d7 wp-block-columns-is-layout-flex\">\n<div class=\"wp-block-column is-layout-flow wp-block-column-is-layout-flow\">\n<p class=\"has-text-color\" style=\"color:#3b93ca\">Der Kurs findet an acht Kurseinheiten zu je 1.25 Stunden statt. Zus\u00e4tzlich gibt es (wenn erforderlich) einen weiteren Termin, der die M\u00f6glichkeit bietet eine verpasste Einheit nachzuholen.<br><br><strong>Kursort:<\/strong><br>Kursraum der Praxis f\u00fcr Gesundheit und Familie<br>Schulstra\u00dfe 17<br>71292 Friolzheim<br><br><strong>Ist es coronabedingt nicht m\u00f6glich sich vor Ort zu treffen, werden entweder der gesamte Kurs oder auch nur einzelne Termine online abgehalten.<\/strong><br><br>Die <strong>Kosten<\/strong> \u00fcbernimmt die Krankenkasse. Bei Nichtteilnahme werden pro Abend 10\u20ac berechnet.<br><br>Mitbringen:<br>&#8211; \u00dcbungsmatte<br>&#8211; gro\u00dfes Handtuch<br>&#8211; Getr\u00e4nk<br>&#8211; bequeme Kleidung<br>&#8211; evtl. dicke Socken<br>&#8211; (Sofa-) Kissen<br>&#8211; Mund- und Nasenschutzbedeckung<br><br><\/p>\n<\/div>\n\n\n\n<div class=\"wp-block-column is-layout-flow wp-block-column-is-layout-flow\">\n<div class=\"wp-block-contact-form-7-contact-form-selector\">\n<div class=\"wpcf7 no-js\" id=\"wpcf7-f596-o1\" lang=\"de-DE\" dir=\"ltr\" data-wpcf7-id=\"596\">\n<div class=\"screen-reader-response\"><p role=\"status\" aria-live=\"polite\" aria-atomic=\"true\"><\/p> <ul><\/ul><\/div>\n<form action=\"\/index.php\/wp-json\/wp\/v2\/pages\/554#wpcf7-f596-o1\" method=\"post\" class=\"wpcf7-form init\" aria-label=\"Kontaktformular\" novalidate=\"novalidate\" data-status=\"init\">\n<fieldset class=\"hidden-fields-container\"><input type=\"hidden\" name=\"_wpcf7\" value=\"596\" \/><input type=\"hidden\" name=\"_wpcf7_version\" value=\"6.1.1\" \/><input type=\"hidden\" name=\"_wpcf7_locale\" value=\"de_DE\" \/><input type=\"hidden\" name=\"_wpcf7_unit_tag\" value=\"wpcf7-f596-o1\" \/><input type=\"hidden\" name=\"_wpcf7_container_post\" value=\"0\" \/><input type=\"hidden\" name=\"_wpcf7_posted_data_hash\" value=\"\" \/>\n<\/fieldset>\n<p><label> Anrede <\/label><span class=\"wpcf7-form-control-wrap\" data-name=\"anrede\"><span class=\"wpcf7-form-control wpcf7-radio\"><span class=\"wpcf7-list-item first last\"><input type=\"radio\" name=\"anrede\" value=\"Frau\" checked=\"checked\" \/><span class=\"wpcf7-list-item-label\">Frau<\/span><\/span><\/span><\/span>\n<\/p>\n<p><label> Vorname<br \/>\n<span class=\"wpcf7-form-control-wrap\" data-name=\"vorname\"><input size=\"40\" maxlength=\"400\" class=\"wpcf7-form-control wpcf7-text wpcf7-validates-as-required\" aria-required=\"true\" aria-invalid=\"false\" value=\"\" type=\"text\" name=\"vorname\" \/><\/span> <\/label><br \/>\n<label> Nachname<br \/>\n<span class=\"wpcf7-form-control-wrap\" data-name=\"nachname\"><input size=\"40\" maxlength=\"400\" class=\"wpcf7-form-control wpcf7-text wpcf7-validates-as-required\" aria-required=\"true\" aria-invalid=\"false\" value=\"\" type=\"text\" name=\"nachname\" \/><\/span> <\/label><br \/>\n<label> Telefonnummer<br \/>\n<span class=\"wpcf7-form-control-wrap\" data-name=\"telefonnummer\"><input size=\"40\" maxlength=\"400\" class=\"wpcf7-form-control wpcf7-tel wpcf7-validates-as-required wpcf7-text wpcf7-validates-as-tel\" aria-required=\"true\" aria-invalid=\"false\" placeholder=\"\" value=\"\" type=\"tel\" name=\"telefonnummer\" \/><\/span> <\/label><br \/>\n<label> E-Mail-Adresse<br \/>\n<span class=\"wpcf7-form-control-wrap\" data-name=\"email_adresse\"><input size=\"40\" maxlength=\"400\" class=\"wpcf7-form-control wpcf7-email wpcf7-validates-as-required wpcf7-text wpcf7-validates-as-email\" aria-required=\"true\" aria-invalid=\"false\" value=\"\" type=\"email\" name=\"email_adresse\" \/><\/span> <\/label>\n<\/p>\n<p><label> Nachricht (optional)<br \/>\n<span class=\"wpcf7-form-control-wrap\" data-name=\"nachricht\"><textarea cols=\"40\" rows=\"10\" maxlength=\"2000\" class=\"wpcf7-form-control wpcf7-textarea\" aria-invalid=\"false\" name=\"nachricht\"><\/textarea><\/span> <\/label><br \/>\n<input class=\"wpcf7-form-control wpcf7-submit has-spinner\" type=\"submit\" value=\"Buchungsanfrage abschicken\" \/>\n<\/p>\n<p><span id=\"wpcf7-69e5a99c4b012-wrapper\" class=\"wpcf7-form-control-wrap Nomen-wrap\" ><input type=\"hidden\" name=\"Nomen-time-start\" value=\"1776658844\"><input type=\"hidden\" name=\"Nomen-time-check\" value=\"10\"><label for=\"wpcf7-69e5a99c4b012-field\" class=\"hp-message\">Bitte lasse dieses Feld leer.<\/label><input id=\"wpcf7-69e5a99c4b012-field\"  class=\"wpcf7-form-control wpcf7-text 42138742\" type=\"text\" name=\"Nomen\" value=\"\" size=\"40\" tabindex=\"-1\" autocomplete=\"off\" \/><\/span>\n<\/p><p style=\"display: none !important;\" class=\"akismet-fields-container\" data-prefix=\"_wpcf7_ak_\"><label>&#916;<textarea name=\"_wpcf7_ak_hp_textarea\" cols=\"45\" rows=\"8\" maxlength=\"100\"><\/textarea><\/label><input type=\"hidden\" id=\"ak_js_1\" name=\"_wpcf7_ak_js\" value=\"244\"\/><script>document.getElementById( \"ak_js_1\" ).setAttribute( \"value\", ( new Date() ).getTime() );<\/script><\/p><div class=\"wpcf7-response-output\" aria-hidden=\"true\"><\/div>\n<\/form>\n<\/div>\n<\/div>\n<\/div>\n<\/div>\n\n\n\n<hr class=\"wp-block-separator\"\/>\n\n\n\n<p class=\"has-text-color\" style=\"color:#3b93ca\">Kurzfristige Termin\u00e4nderungen k\u00f6nnen sich ergeben. Diese werden Ihnen rechtzeitig mitgeteilt.<\/p>\n\n\n\n<hr class=\"wp-block-separator\"\/>\n\n\n\n<div class=\"wp-block-columns is-layout-flex wp-container-core-columns-is-layout-9d6595d7 wp-block-columns-is-layout-flex\">\n<div class=\"wp-block-column is-layout-flow wp-block-column-is-layout-flow\">\n<p class=\"has-text-color\" style=\"color:#3b93ca\"><strong>Termine (Kursbeginn 06.10.2021)<\/strong><br><br>&#8211; Mittwoch, 06.10.2021, 20.15 &#8211; 21.30 Uhr<br>&#8211; Mittwoch, 13.10.2021, 20.15 &#8211; 21.30 Uhr<br>&#8211; Mittwoch, 20.10.2021, 20.15 &#8211; 21.30 Uhr<br>&#8211; Mittwoch, 27.10.2021, 20.15 &#8211; 21.30 Uhr<br>&#8211; Mittwoch, 03.11.2021, 20.15 &#8211; 21.30 Uhr<br>&#8211; Mittwoch, 10.11.2021, 20.15 &#8211; 21.30 Uhr<br>&#8211; Mittwoch, 17.11.2021, 20.15 &#8211; 21.30 Uhr<br>&#8211; Mittwoch, 24.11.2021, 20.15 &#8211; 21.30 Uhr<br>&#8211; Mittwoch, 01.12.2021, 20.15 &#8211; 21.30 Uhr -&gt; Nachholtermin <\/p>\n<\/div>\n\n\n\n<div class=\"wp-block-column is-layout-flow wp-block-column-is-layout-flow\">\n<p class=\"has-text-color\" style=\"color:#3b93ca\"><strong>Termine (Kursbeginn 25.10.2021):<\/strong><br><br>&#8211; Montag, 25.10.2021, 20.15 &#8211; 21.30 Uhr<br>&#8211; Dienstag, 02.11.2021, 19.30 &#8211; 20.45 Uhr<br>&#8211; Dienstag, 09.11.2021, 19.30 &#8211; 20.45 Uhr<br>&#8211; Dienstag, 16.11.2021, 19.30 &#8211; 20.45 Uhr<br>&#8211; Dienstag, 23.11.2021, 19.30 &#8211; 20.45 Uhr<br>&#8211; Dienstag, 30.11.2021, 19.30 &#8211; 20.45 Uhr<br>&#8211; Dienstag, 07.12.2021, 19.30 &#8211; 20.45 Uhr<br>&#8211; Dienstag, 14.12.2021, 19.30 &#8211; 20.45 Uhr<br>&#8211; Dienstag, 21.12.2021, 20.15 &#8211; 21.30 Uhr -&gt; Nachholtermin <\/p>\n<\/div>\n<\/div>\n\n\n\n<hr class=\"wp-block-separator\"\/>\n\n\n\n<div class=\"wp-block-columns is-layout-flex wp-container-core-columns-is-layout-9d6595d7 wp-block-columns-is-layout-flex\">\n<div class=\"wp-block-column is-layout-flow wp-block-column-is-layout-flow\" style=\"flex-basis:50%\">\n<p class=\"has-text-color\" style=\"color:#3b93ca\"><strong>Termine (Kursbeginn 17.01.2022)<\/strong><br><br>&#8211; Montag, 17.01.2022, 20.15 &#8211; 21.30 Uhr<br>&#8211; Montag, 24.01.2022, 20.15 &#8211; 21.30 Uhr<br>&#8211; Montag, 31.01.2022, 20.15 &#8211; 21.30 Uhr<br>&#8211; Montag, 07.02.2022, 20.15 &#8211; 21.30 Uhr<br>&#8211; Montag, 14.02.2022, 20.15 &#8211; 21.30 Uhr<br>&#8211; Montag, 21.02.2022, 20.15 &#8211; 21.30 Uhr<br>&#8211; Montag, 28.02.2022, 20.15 &#8211; 21.30 Uhr<br>&#8211; Montag, 07.03.2022, 20.15 &#8211; 21.30 Uhr<br>&#8211; Montag, 14.03.2022, 20.15 &#8211; 21.30 Uhr -&gt; Nachholtermin <\/p>\n<\/div>\n\n\n\n<div class=\"wp-block-column is-layout-flow wp-block-column-is-layout-flow\" style=\"flex-basis:50%\">\n<p class=\"has-text-color\" style=\"color:#3b93ca\"><strong>Termine (Kursbeginn 21.03.2022)<\/strong><br><br>&#8211; Montag, 21.03.2022, 20.15 &#8211; 21.30 Uhr<br>&#8211; Montag, 28.03.2022, 20.15 &#8211; 21.30 Uhr<br>&#8211; Montag, 04.04.2022, 20.15 &#8211; 21.30 Uhr<br>&#8211; Montag, 11.04.2022, 20.15 &#8211; 21.30 Uhr<br>&#8211; Montag, 25.04.2022, 20.15 &#8211; 21.30 Uhr<br>&#8211; Montag, 02.05.2022, 20.15 &#8211; 21.30 Uhr<br>&#8211; Montag, 09.05.2022, 20.15 &#8211; 21.30 Uhr<br>&#8211; Montag, 16.05.2022, 20.15 &#8211; 21.30 Uhr<br>&#8211; Montag, 23.05.2022, 20.15 &#8211; 21.30 Uhr -&gt; Nachholtermin <\/p>\n<\/div>\n<\/div>\n\n\n\n<hr class=\"wp-block-separator\"\/>\n\n\n\n<div class=\"wp-block-columns is-layout-flex wp-container-core-columns-is-layout-9d6595d7 wp-block-columns-is-layout-flex\">\n<div class=\"wp-block-column is-layout-flow wp-block-column-is-layout-flow\">\n<p class=\"has-text-color\" style=\"color:#3b93ca\"><strong>Termine (Kursbeginn 20.06.2022)<\/strong><br><br>&#8211; Montag, 20.06.2022, 20.15 &#8211; 21.30 Uhr<br>&#8211; Montag, 27.06.2022, 20.15 &#8211; 21.30 Uhr<br>&#8211; Montag, 04.07.2022, 20.15 &#8211; 21.30 Uhr<br>&#8211; Montag, xx.07.2022, 20.15 &#8211; 21.30 Uhr (Termin wird nachgereicht)<br>&#8211; Montag, 25.07.2022, 20.15 &#8211; 21.30 Uhr<br>&#8211; Montag, 01.08.2022, 20.15 &#8211; 21.30 Uhr<br>&#8211; Montag, 08.08.2022, 20.15 &#8211; 21.30 Uhr<br>&#8211; Montag, 15.08.2022, 20.15 &#8211; 21.30 Uhr<br>&#8211; Montag, 22.08.2022, 20.15 &#8211; 21.30 Uhr -&gt; Nachholtermin <\/p>\n<\/div>\n\n\n\n<div class=\"wp-block-column is-layout-flow wp-block-column-is-layout-flow\"><\/div>\n<\/div>\n<\/div>\n<\/div>\n\n\n\n<p><\/p>\n","protected":false},"excerpt":{"rendered":"<p>Der Kurs findet an acht Kurseinheiten zu je 1.25 Stunden statt. Zus\u00e4tzlich gibt es (wenn erforderlich) einen weiteren Termin, der die M\u00f6glichkeit bietet eine verpasste Einheit nachzuholen. Kursort:Kursraum der Praxis f\u00fcr Gesundheit und FamilieSchulstra\u00dfe 1771292 Friolzheim Ist es coronabedingt nicht m\u00f6glich sich vor Ort zu treffen, werden entweder der gesamte Kurs oder auch nur einzelne [&hellip;]<\/p>\n","protected":false},"author":1,"featured_media":0,"parent":0,"menu_order":0,"comment_status":"closed","ping_status":"closed","template":"page-fullwidth.php","meta":{"footnotes":""},"class_list":["post-554","page","type-page","status-publish","hentry"],"_links":{"self":[{"href":"https:\/\/eltern1x1.de\/index.php\/wp-json\/wp\/v2\/pages\/554","targetHints":{"allow":["GET"]}}],"collection":[{"href":"https:\/\/eltern1x1.de\/index.php\/wp-json\/wp\/v2\/pages"}],"about":[{"href":"https:\/\/eltern1x1.de\/index.php\/wp-json\/wp\/v2\/types\/page"}],"author":[{"embeddable":true,"href":"https:\/\/eltern1x1.de\/index.php\/wp-json\/wp\/v2\/users\/1"}],"replies":[{"embeddable":true,"href":"https:\/\/eltern1x1.de\/index.php\/wp-json\/wp\/v2\/comments?post=554"}],"version-history":[{"count":46,"href":"https:\/\/eltern1x1.de\/index.php\/wp-json\/wp\/v2\/pages\/554\/revisions"}],"predecessor-version":[{"id":1332,"href":"https:\/\/eltern1x1.de\/index.php\/wp-json\/wp\/v2\/pages\/554\/revisions\/1332"}],"wp:attachment":[{"href":"https:\/\/eltern1x1.de\/index.php\/wp-json\/wp\/v2\/media?parent=554"}],"curies":[{"name":"wp","href":"https:\/\/api.w.org\/{rel}","templated":true}]}}