{"id":887,"date":"2021-09-17T12:48:53","date_gmt":"2021-09-17T12:48:53","guid":{"rendered":"http:\/\/eltern1x1.de\/?page_id=887"},"modified":"2023-09-12T10:51:45","modified_gmt":"2023-09-12T08:51:45","slug":"geburtsvorbereitungskurs","status":"publish","type":"page","link":"https:\/\/eltern1x1.de\/index.php\/geburtsvorbereitungskurs\/","title":{"rendered":"Geburtsvorbereitungskurs"},"content":{"rendered":"\n<div class=\"wp-block-columns is-layout-flex wp-container-core-columns-is-layout-9d6595d7 wp-block-columns-is-layout-flex\">\n<div class=\"wp-block-column is-layout-flow wp-block-column-is-layout-flow\">\n<p class=\"has-text-align-center has-text-color has-background has-medium-font-size\" style=\"color:#7e5c00;background-color:#dcc47a\"><strong>Geburtsvorbereitungskurs<\/strong><\/p>\n\n\n\n<div class=\"wp-block-columns is-layout-flex wp-container-core-columns-is-layout-9d6595d7 wp-block-columns-is-layout-flex\">\n<div class=\"wp-block-column is-layout-flow wp-block-column-is-layout-flow\" style=\"flex-basis:49.6%\">\n<p class=\"has-text-color\" style=\"color:#7e5c00\">Im diesem Kurs geht es um Themen zu Schwangerschaft, Geburt und fr\u00fches Wochenbett. Die werdende Mama wird k\u00f6rperlich und emotional auf den Prozess des Geb\u00e4rens eingestimmt. Dabei werden durch Information und Erkl\u00e4rung von Zusammenh\u00e4ngen w\u00e4hrend der Geburt M\u00f6glichkeiten der Geburtserleichterung erarbeitet.<br>Hilfreich dabei sind auch die K\u00f6rperwahrnehmungs- und Atem\u00fcbungen. <br>An den Partnerabenden wird der Ablauf der Geburt besprochen und auf die wichtige Rolle des werdenden Papas dabei eingegangen.<\/p>\n<\/div>\n\n\n\n<div class=\"wp-block-column is-layout-flow wp-block-column-is-layout-flow\" style=\"flex-basis:59.7%\"><div class=\"wp-block-image\">\n<figure class=\"aligncenter size-medium\"><img loading=\"lazy\" decoding=\"async\" width=\"150\" height=\"300\" src=\"https:\/\/eltern1x1.de\/wp-content\/uploads\/Schwanger-150x300.png\" alt=\"\" class=\"wp-image-486\" srcset=\"https:\/\/eltern1x1.de\/wp-content\/uploads\/Schwanger-150x300.png 150w, https:\/\/eltern1x1.de\/wp-content\/uploads\/Schwanger-600x1200.png 600w, https:\/\/eltern1x1.de\/wp-content\/uploads\/Schwanger-512x1024.png 512w, https:\/\/eltern1x1.de\/wp-content\/uploads\/Schwanger.png 640w\" sizes=\"auto, (max-width: 150px) 100vw, 150px\" \/><\/figure><\/div><\/div>\n<\/div>\n\n\n\n<div class=\"wp-block-buttons is-layout-flex wp-block-buttons-is-layout-flex\">\n<div class=\"wp-block-button\"><a class=\"wp-block-button__link has-text-color has-background wp-element-button\" href=\"https:\/\/eltern1x1.de\/index.php\/produkt-kategorie\/geburtsvorbereitungskurs\/\" style=\"color:#7e5c00;background-color:#dcc47a\" rel=\"\">Details und Termine<\/a><\/div>\n<\/div>\n<\/div>\n<\/div>\n\n\n\n<p><\/p>\n","protected":false},"excerpt":{"rendered":"<p>Geburtsvorbereitungskurs Im diesem Kurs geht es um Themen zu Schwangerschaft, Geburt und fr\u00fches Wochenbett. Die werdende Mama wird k\u00f6rperlich und emotional auf den Prozess des Geb\u00e4rens eingestimmt. Dabei werden durch Information und Erkl\u00e4rung von Zusammenh\u00e4ngen w\u00e4hrend der Geburt M\u00f6glichkeiten der Geburtserleichterung erarbeitet.Hilfreich dabei sind auch die K\u00f6rperwahrnehmungs- und Atem\u00fcbungen. An den Partnerabenden wird der Ablauf [&hellip;]<\/p>\n","protected":false},"author":1,"featured_media":0,"parent":0,"menu_order":1,"comment_status":"closed","ping_status":"closed","template":"page-fullwidth.php","meta":{"footnotes":""},"class_list":["post-887","page","type-page","status-publish","hentry"],"_links":{"self":[{"href":"https:\/\/eltern1x1.de\/index.php\/wp-json\/wp\/v2\/pages\/887","targetHints":{"allow":["GET"]}}],"collection":[{"href":"https:\/\/eltern1x1.de\/index.php\/wp-json\/wp\/v2\/pages"}],"about":[{"href":"https:\/\/eltern1x1.de\/index.php\/wp-json\/wp\/v2\/types\/page"}],"author":[{"embeddable":true,"href":"https:\/\/eltern1x1.de\/index.php\/wp-json\/wp\/v2\/users\/1"}],"replies":[{"embeddable":true,"href":"https:\/\/eltern1x1.de\/index.php\/wp-json\/wp\/v2\/comments?post=887"}],"version-history":[{"count":12,"href":"https:\/\/eltern1x1.de\/index.php\/wp-json\/wp\/v2\/pages\/887\/revisions"}],"predecessor-version":[{"id":2324,"href":"https:\/\/eltern1x1.de\/index.php\/wp-json\/wp\/v2\/pages\/887\/revisions\/2324"}],"wp:attachment":[{"href":"https:\/\/eltern1x1.de\/index.php\/wp-json\/wp\/v2\/media?parent=887"}],"curies":[{"name":"wp","href":"https:\/\/api.w.org\/{rel}","templated":true}]}}