{"id":950,"date":"2021-09-17T20:26:17","date_gmt":"2021-09-17T20:26:17","guid":{"rendered":"http:\/\/eltern1x1.de\/?page_id=950"},"modified":"2025-10-27T10:26:59","modified_gmt":"2025-10-27T09:26:59","slug":"elternseminar-krankeskind","status":"publish","type":"page","link":"https:\/\/eltern1x1.de\/index.php\/elternseminar-krankeskind\/","title":{"rendered":"Elternseminar &#8211; Krankes Kind"},"content":{"rendered":"\n<div class=\"wp-block-columns is-layout-flex wp-container-core-columns-is-layout-9d6595d7 wp-block-columns-is-layout-flex\">\n<div class=\"wp-block-column .h2-rot-schwarz { color: red; background-color: black; } is-layout-flow wp-block-column-is-layout-flow\">\n<p class=\"has-text-align-center has-text-color has-background has-medium-font-size\" style=\"color:#b54b65;background-color:#ffbacc\"><strong>Eltern\u00adseminar &#8211; Krankes Kind<\/strong><\/p>\n\n\n\n<div class=\"wp-block-columns is-layout-flex wp-container-core-columns-is-layout-9d6595d7 wp-block-columns-is-layout-flex\">\n<div class=\"wp-block-column is-layout-flow wp-block-column-is-layout-flow\">\n<blockquote class=\"wp-block-quote is-layout-flow wp-block-quote-is-layout-flow\">\n<p><em>&#8222;Mein Kind ist krank, <\/em><br><em>was kann ich tun?&#8220;<\/em><\/p>\n<\/blockquote>\n\n\n\n<p class=\"has-text-color\" style=\"color:#b54b65\">Oft sind Schnupfen, Husten, Fieber oder Bauchweh in den ersten Kinderjahren Begleiter, die Eltern immer wieder verunsichern und viele Frage aufwerfen.<br>An zwei Vormittagen wollen wir uns dar\u00fcber austauschen, welche nat\u00fcrlichen M\u00f6glichkeiten Sie daheim haben, auf das &#8222;Gesundwerden&#8220; Ihres Kindes einzuwirken, um somit der n\u00e4chsten Krankheit etwas gelassener entgegen zu schauen. <br><br><strong>Teil 1:<br><\/strong>&#8211; Fieber<br>&#8211; Husten<br>&#8211; Schnupfen<br>&#8211; Halsschmerzen<br>&#8211; Ohrenweh<br><br><strong>Teil 2:<br><\/strong>&#8211; Magen-Darm-Erkrankung<br>&#8211; Augenentz\u00fcndung<br>&#8211; Blasenentz\u00fcndung<br>&#8211; Hauterkrankung<br>&#8211; Zahnen<br>&#8211; kleinere Verletzungen<\/p>\n<\/div>\n\n\n\n<div class=\"wp-block-column is-layout-flow wp-block-column-is-layout-flow\"><div class=\"wp-block-image\">\n<figure class=\"alignright size-large is-resized\"><img loading=\"lazy\" decoding=\"async\" width=\"560\" height=\"1024\" src=\"https:\/\/eltern1x1.de\/wp-content\/uploads\/pexels-photo-3845407_mod4_spiegel-560x1024.jpg\" alt=\"\" class=\"wp-image-1029\" style=\"width:238px;height:434px\" srcset=\"https:\/\/eltern1x1.de\/wp-content\/uploads\/pexels-photo-3845407_mod4_spiegel-560x1024.jpg 560w, https:\/\/eltern1x1.de\/wp-content\/uploads\/pexels-photo-3845407_mod4_spiegel-164x300.jpg 164w, https:\/\/eltern1x1.de\/wp-content\/uploads\/pexels-photo-3845407_mod4_spiegel.jpg 591w\" sizes=\"auto, (max-width: 560px) 100vw, 560px\" \/><\/figure><\/div><\/div>\n<\/div>\n\n\n\n<div class=\"wp-block-buttons is-layout-flex wp-block-buttons-is-layout-flex\">\n<div class=\"wp-block-button\"><a class=\"wp-block-button__link has-text-color has-background wp-element-button\" href=\"https:\/\/eltern1x1.de\/index.php\/produkt-kategorie\/elternseminarkrankeskind\/\" style=\"color:#b54b65;background-color:#ffbacc\">Termine und Buchung<\/a><\/div>\n<\/div>\n<\/div>\n<\/div>\n\n\n\n<p><\/p>\n","protected":false},"excerpt":{"rendered":"<p>Eltern\u00adseminar &#8211; Krankes Kind &#8222;Mein Kind ist krank, was kann ich tun?&#8220; Oft sind Schnupfen, Husten, Fieber oder Bauchweh in den ersten Kinderjahren Begleiter, die Eltern immer wieder verunsichern und viele Frage aufwerfen.An zwei Vormittagen wollen wir uns dar\u00fcber austauschen, welche nat\u00fcrlichen M\u00f6glichkeiten Sie daheim haben, auf das &#8222;Gesundwerden&#8220; Ihres Kindes einzuwirken, um somit der [&hellip;]<\/p>\n","protected":false},"author":1,"featured_media":0,"parent":0,"menu_order":1,"comment_status":"closed","ping_status":"closed","template":"page-fullwidth.php","meta":{"footnotes":""},"class_list":["post-950","page","type-page","status-publish","hentry"],"_links":{"self":[{"href":"https:\/\/eltern1x1.de\/index.php\/wp-json\/wp\/v2\/pages\/950","targetHints":{"allow":["GET"]}}],"collection":[{"href":"https:\/\/eltern1x1.de\/index.php\/wp-json\/wp\/v2\/pages"}],"about":[{"href":"https:\/\/eltern1x1.de\/index.php\/wp-json\/wp\/v2\/types\/page"}],"author":[{"embeddable":true,"href":"https:\/\/eltern1x1.de\/index.php\/wp-json\/wp\/v2\/users\/1"}],"replies":[{"embeddable":true,"href":"https:\/\/eltern1x1.de\/index.php\/wp-json\/wp\/v2\/comments?post=950"}],"version-history":[{"count":25,"href":"https:\/\/eltern1x1.de\/index.php\/wp-json\/wp\/v2\/pages\/950\/revisions"}],"predecessor-version":[{"id":3261,"href":"https:\/\/eltern1x1.de\/index.php\/wp-json\/wp\/v2\/pages\/950\/revisions\/3261"}],"wp:attachment":[{"href":"https:\/\/eltern1x1.de\/index.php\/wp-json\/wp\/v2\/media?parent=950"}],"curies":[{"name":"wp","href":"https:\/\/api.w.org\/{rel}","templated":true}]}}