{"id":959,"date":"2021-09-17T20:34:07","date_gmt":"2021-09-17T20:34:07","guid":{"rendered":"http:\/\/eltern1x1.de\/?page_id=959"},"modified":"2021-09-18T23:07:24","modified_gmt":"2021-09-18T23:07:24","slug":"vortrag-krankes-kind-buchung","status":"publish","type":"page","link":"https:\/\/eltern1x1.de\/index.php\/vortrag-krankes-kind-buchung\/","title":{"rendered":"Vortrag: Krankes Kind &#8211; Buchung"},"content":{"rendered":"\n<div class=\"wp-block-columns is-layout-flex wp-container-core-columns-is-layout-9d6595d7 wp-block-columns-is-layout-flex\">\n<div class=\"wp-block-column is-layout-flow wp-block-column-is-layout-flow\">\n<div class=\"wp-block-columns is-layout-flex wp-container-core-columns-is-layout-9d6595d7 wp-block-columns-is-layout-flex\">\n<div class=\"wp-block-column is-layout-flow wp-block-column-is-layout-flow\">\n<p class=\"has-text-color\" style=\"color:#b54b65\">Die Vortr\u00e4ge finden an zwei Vormittagen zu je 1 1\/2 Stunden statt. <br><br>Jeder Teilnehmer erh\u00e4lt zu Beginn der Veranstaltung ein ausgedrucktes Manuskript.<br><br>Kinder bis zum ersten Lebensjahr k\u00f6nnen mitgebracht werden.<br><br>Die Mindestteilnehmerzahl f\u00fcr dieses Angebot betr\u00e4gt sechs Personen.<br><br><strong>Vortragsort:<\/strong><br>Kursraum der Praxis f\u00fcr Gesundheit und Familie<br>Schulstra\u00dfe 17<br>71292 Friolzheim<br><br><strong>Ist es coronabedingt nicht m\u00f6glich sich vor Ort zu treffen, entf\u00e4llt der Vortrag.<\/strong><br><br><strong>Kosten<\/strong>: 35\u20ac f\u00fcr beide Termine<br><br>Mitbringen:<br>&#8211; Stift<br>&#8211; Getr\u00e4nk<br>&#8211; Mund- und Nasenschutzbedeckung<br>&#8211; evtl. alles was Sie f\u00fcr Ihr Baby brauchen + Matte<br><\/p>\n<\/div>\n\n\n\n<div class=\"wp-block-column is-layout-flow wp-block-column-is-layout-flow\">\n<div class=\"wp-block-contact-form-7-contact-form-selector\">\n<div class=\"wpcf7 no-js\" id=\"wpcf7-f1005-o1\" lang=\"de-DE\" dir=\"ltr\" data-wpcf7-id=\"1005\">\n<div class=\"screen-reader-response\"><p role=\"status\" aria-live=\"polite\" aria-atomic=\"true\"><\/p> <ul><\/ul><\/div>\n<form action=\"\/index.php\/wp-json\/wp\/v2\/pages\/959#wpcf7-f1005-o1\" method=\"post\" class=\"wpcf7-form init\" aria-label=\"Kontaktformular\" novalidate=\"novalidate\" data-status=\"init\">\n<fieldset class=\"hidden-fields-container\"><input type=\"hidden\" name=\"_wpcf7\" value=\"1005\" \/><input type=\"hidden\" name=\"_wpcf7_version\" value=\"6.1.1\" \/><input type=\"hidden\" name=\"_wpcf7_locale\" value=\"de_DE\" \/><input type=\"hidden\" name=\"_wpcf7_unit_tag\" value=\"wpcf7-f1005-o1\" \/><input type=\"hidden\" name=\"_wpcf7_container_post\" value=\"0\" \/><input type=\"hidden\" name=\"_wpcf7_posted_data_hash\" value=\"\" \/>\n<\/fieldset>\n<p><label> Anrede <\/label><span class=\"wpcf7-form-control-wrap\" data-name=\"anrede\"><span class=\"wpcf7-form-control wpcf7-radio\"><span class=\"wpcf7-list-item first\"><input type=\"radio\" name=\"anrede\" value=\"Frau\" checked=\"checked\" \/><span class=\"wpcf7-list-item-label\">Frau<\/span><\/span><span class=\"wpcf7-list-item last\"><input type=\"radio\" name=\"anrede\" value=\"Herr\" \/><span class=\"wpcf7-list-item-label\">Herr<\/span><\/span><\/span><\/span>\n<\/p>\n<p><label> Vorname<br \/>\n<span class=\"wpcf7-form-control-wrap\" data-name=\"vorname\"><input size=\"40\" maxlength=\"400\" class=\"wpcf7-form-control wpcf7-text wpcf7-validates-as-required\" aria-required=\"true\" aria-invalid=\"false\" value=\"\" type=\"text\" name=\"vorname\" \/><\/span> <\/label><br \/>\n<label> Nachname<br \/>\n<span class=\"wpcf7-form-control-wrap\" data-name=\"nachname\"><input size=\"40\" maxlength=\"400\" class=\"wpcf7-form-control wpcf7-text wpcf7-validates-as-required\" aria-required=\"true\" aria-invalid=\"false\" value=\"\" type=\"text\" name=\"nachname\" \/><\/span> <\/label><br \/>\n<label> Telefonnummer<br \/>\n<span class=\"wpcf7-form-control-wrap\" data-name=\"telefonnummer\"><input size=\"40\" maxlength=\"400\" class=\"wpcf7-form-control wpcf7-tel wpcf7-validates-as-required wpcf7-text wpcf7-validates-as-tel\" aria-required=\"true\" aria-invalid=\"false\" placeholder=\"\" value=\"\" type=\"tel\" name=\"telefonnummer\" \/><\/span> <\/label><br \/>\n<label> E-Mail-Adresse<br \/>\n<span class=\"wpcf7-form-control-wrap\" data-name=\"email_adresse\"><input size=\"40\" maxlength=\"400\" class=\"wpcf7-form-control wpcf7-email wpcf7-validates-as-required wpcf7-text wpcf7-validates-as-email\" aria-required=\"true\" aria-invalid=\"false\" value=\"\" type=\"email\" name=\"email_adresse\" \/><\/span> <\/label><br \/>\n<label> Nachricht (optional)<br \/>\n<span class=\"wpcf7-form-control-wrap\" data-name=\"nachricht\"><textarea cols=\"40\" rows=\"10\" maxlength=\"2000\" class=\"wpcf7-form-control wpcf7-textarea\" aria-invalid=\"false\" name=\"nachricht\"><\/textarea><\/span> <\/label><br \/>\n<input class=\"wpcf7-form-control wpcf7-submit has-spinner\" type=\"submit\" value=\"Buchungsanfrage abschicken\" \/>\n<\/p>\n<p><span id=\"wpcf7-69e5a9b2af532-wrapper\" class=\"wpcf7-form-control-wrap Nomen-wrap\" ><input type=\"hidden\" name=\"Nomen-time-start\" value=\"1776658866\"><input type=\"hidden\" name=\"Nomen-time-check\" value=\"10\"><label for=\"wpcf7-69e5a9b2af532-field\" class=\"hp-message\">Bitte lasse dieses Feld leer.<\/label><input id=\"wpcf7-69e5a9b2af532-field\"  class=\"wpcf7-form-control wpcf7-text 42138742\" type=\"text\" name=\"Nomen\" value=\"\" size=\"40\" tabindex=\"-1\" autocomplete=\"off\" \/><\/span>\n<\/p><p style=\"display: none !important;\" class=\"akismet-fields-container\" data-prefix=\"_wpcf7_ak_\"><label>&#916;<textarea name=\"_wpcf7_ak_hp_textarea\" cols=\"45\" rows=\"8\" maxlength=\"100\"><\/textarea><\/label><input type=\"hidden\" id=\"ak_js_1\" name=\"_wpcf7_ak_js\" value=\"175\"\/><script>document.getElementById( \"ak_js_1\" ).setAttribute( \"value\", ( new Date() ).getTime() );<\/script><\/p><div class=\"wpcf7-response-output\" aria-hidden=\"true\"><\/div>\n<\/form>\n<\/div>\n<\/div>\n<\/div>\n<\/div>\n\n\n\n<hr class=\"wp-block-separator\"\/>\n\n\n\n<p class=\"has-text-color\" style=\"color:#b54b65\">Kurzfristige Termin\u00e4nderungen k\u00f6nnen sich ergeben. Diese werden Ihnen rechtzeitig mitgeteilt.<\/p>\n\n\n\n<hr class=\"wp-block-separator\"\/>\n\n\n\n<div class=\"wp-block-columns is-layout-flex wp-container-core-columns-is-layout-9d6595d7 wp-block-columns-is-layout-flex\">\n<div class=\"wp-block-column is-layout-flow wp-block-column-is-layout-flow\">\n<p class=\"has-text-align-left has-text-color\" style=\"color:#b54b65\"><strong>Termine:<\/strong><br><br>&#8211; Donnerstag, 28.10.2021, 09.30 &#8211; 11.00 Uhr<br>&#8211; Donnerstag, 04.11.2021, 09.30 &#8211; 11.00 Uhr<\/p>\n<\/div>\n\n\n\n<div class=\"wp-block-column is-layout-flow wp-block-column-is-layout-flow\">\n<p class=\"has-text-color\" style=\"color:#b54b65\"><strong>Termine:<\/strong><br><br>&#8211; Donnerstag, 24.03.2022, 09.30 &#8211; 11.00 Uhr<br>&#8211; Donnerstag, 31.03.2022, 09.30 &#8211; 11.00 Uhr<\/p>\n<\/div>\n<\/div>\n<\/div>\n<\/div>\n\n\n\n<p><\/p>\n","protected":false},"excerpt":{"rendered":"<p>Die Vortr\u00e4ge finden an zwei Vormittagen zu je 1 1\/2 Stunden statt. Jeder Teilnehmer erh\u00e4lt zu Beginn der Veranstaltung ein ausgedrucktes Manuskript. Kinder bis zum ersten Lebensjahr k\u00f6nnen mitgebracht werden. Die Mindestteilnehmerzahl f\u00fcr dieses Angebot betr\u00e4gt sechs Personen. Vortragsort:Kursraum der Praxis f\u00fcr Gesundheit und FamilieSchulstra\u00dfe 1771292 Friolzheim Ist es coronabedingt nicht m\u00f6glich sich vor Ort [&hellip;]<\/p>\n","protected":false},"author":1,"featured_media":0,"parent":0,"menu_order":0,"comment_status":"closed","ping_status":"closed","template":"page-fullwidth.php","meta":{"footnotes":""},"class_list":["post-959","page","type-page","status-publish","hentry"],"_links":{"self":[{"href":"https:\/\/eltern1x1.de\/index.php\/wp-json\/wp\/v2\/pages\/959","targetHints":{"allow":["GET"]}}],"collection":[{"href":"https:\/\/eltern1x1.de\/index.php\/wp-json\/wp\/v2\/pages"}],"about":[{"href":"https:\/\/eltern1x1.de\/index.php\/wp-json\/wp\/v2\/types\/page"}],"author":[{"embeddable":true,"href":"https:\/\/eltern1x1.de\/index.php\/wp-json\/wp\/v2\/users\/1"}],"replies":[{"embeddable":true,"href":"https:\/\/eltern1x1.de\/index.php\/wp-json\/wp\/v2\/comments?post=959"}],"version-history":[{"count":14,"href":"https:\/\/eltern1x1.de\/index.php\/wp-json\/wp\/v2\/pages\/959\/revisions"}],"predecessor-version":[{"id":1023,"href":"https:\/\/eltern1x1.de\/index.php\/wp-json\/wp\/v2\/pages\/959\/revisions\/1023"}],"wp:attachment":[{"href":"https:\/\/eltern1x1.de\/index.php\/wp-json\/wp\/v2\/media?parent=959"}],"curies":[{"name":"wp","href":"https:\/\/api.w.org\/{rel}","templated":true}]}}