{"id":2661,"date":"2024-05-17T19:54:30","date_gmt":"2024-05-17T17:54:30","guid":{"rendered":"https:\/\/eltern1x1.de\/?post_type=product&#038;p=2661"},"modified":"2024-06-01T16:21:17","modified_gmt":"2024-06-01T14:21:17","slug":"schwangerschaftsmassage_test","status":"publish","type":"product","link":"https:\/\/eltern1x1.de\/index.php\/produkt\/schwangerschaftsmassage_test\/","title":{"rendered":"Schwangerschaftsmassage 55 min"},"content":{"rendered":"<p>Die Schwangerschaftsmassage als heilsames Mittel, um die Schwangerschaft bewu\u00dfter wahrzunehmen, Beschwerden zu lindern und eine intensive Mutter-Kind-Bindung zu f\u00f6rdern.<br \/>\nDie Massage wird mit einem gut vertr\u00e4glichen und hautberuhigenden Bio-Aprikosenkern\u00f6l durchgef\u00fchrt.<br \/>\nTauchen Sie <strong>55 min<\/strong> lang ein in diese wohltuende Ber\u00fchrung an Ihrem oberen\/unteren R\u00fccken, Ihrem Nacken, Ihren Armen und Ihren Beinen.<\/p>\n<p>Ort:\u00a0 Behandlungsraum in der Hebammenpraxis<br \/>\nSchulstra\u00dfe 17<br \/>\n71292 Friolzheim<\/p>\n<p>Gerne kann die Schwangerschaftsmassage auch mit einem Gespr\u00e4chs- oder Behandlungstermin bei mir als Hebamme kombiniert werden. Bitte sprechen Sie mich darauf an. Diese Leistung kann ich als &#8222;Hilfe bei Beschwerden in der Schwangerschaft&#8220; mit Ihrer Krankenkasse abrechnen.<\/p>\n<p>&nbsp;<\/p>\n<p>&nbsp;<\/p>\n<p>&nbsp;<\/p>\n<p>&nbsp;<\/p>\n<p>&nbsp;<\/p>\n<p>&nbsp;<\/p>\n","protected":false},"excerpt":{"rendered":"<p>Die Schwangerschaftsmassage als heilsames Mittel, um die Schwangerschaft bewu\u00dfter wahrzunehmen, Beschwerden zu lindern und eine intensive Mutter-Kind-Bindung zu f\u00f6rdern. Die Massage wird mit einem gut vertr\u00e4glichen und hautberuhigenden Bio-Aprikosenkern\u00f6l durchgef\u00fchrt. Tauchen Sie 55 min lang ein in diese wohltuende Ber\u00fchrung an Ihrem oberen\/unteren R\u00fccken, Ihrem Nacken, Ihren Armen und Ihren Beinen. Ort:\u00a0 Behandlungsraum in der [&hellip;]<\/p>\n","protected":false},"featured_media":2657,"template":"","meta":[],"product_brand":[],"product_cat":[96],"product_tag":[],"class_list":{"0":"post-2661","1":"product","2":"type-product","3":"status-publish","4":"has-post-thumbnail","6":"product_cat-schwangerschaftsmassage","8":"first","9":"instock","10":"sold-individually","11":"shipping-taxable","12":"purchasable","13":"product-type-simple"},"_links":{"self":[{"href":"https:\/\/eltern1x1.de\/index.php\/wp-json\/wp\/v2\/product\/2661","targetHints":{"allow":["GET"]}}],"collection":[{"href":"https:\/\/eltern1x1.de\/index.php\/wp-json\/wp\/v2\/product"}],"about":[{"href":"https:\/\/eltern1x1.de\/index.php\/wp-json\/wp\/v2\/types\/product"}],"wp:featuredmedia":[{"embeddable":true,"href":"https:\/\/eltern1x1.de\/index.php\/wp-json\/wp\/v2\/media\/2657"}],"wp:attachment":[{"href":"https:\/\/eltern1x1.de\/index.php\/wp-json\/wp\/v2\/media?parent=2661"}],"wp:term":[{"taxonomy":"product_brand","embeddable":true,"href":"https:\/\/eltern1x1.de\/index.php\/wp-json\/wp\/v2\/product_brand?post=2661"},{"taxonomy":"product_cat","embeddable":true,"href":"https:\/\/eltern1x1.de\/index.php\/wp-json\/wp\/v2\/product_cat?post=2661"},{"taxonomy":"product_tag","embeddable":true,"href":"https:\/\/eltern1x1.de\/index.php\/wp-json\/wp\/v2\/product_tag?post=2661"}],"curies":[{"name":"wp","href":"https:\/\/api.w.org\/{rel}","templated":true}]}}