{"id":2916,"date":"2025-02-11T17:32:12","date_gmt":"2025-02-11T16:32:12","guid":{"rendered":"https:\/\/eltern1x1.de\/?post_type=product&#038;p=2916"},"modified":"2025-03-20T14:42:05","modified_gmt":"2025-03-20T13:42:05","slug":"elternseminar-krankes-kind-seminarbeginn-06-03-2025","status":"publish","type":"product","link":"https:\/\/eltern1x1.de\/index.php\/produkt\/elternseminar-krankes-kind-seminarbeginn-06-03-2025\/","title":{"rendered":"Elternseminar-Krankes Kind &#8211; Seminarbeginn 06.03.2025"},"content":{"rendered":"<p>Dieses Seminarangebot findet an zwei aufeinanderfolgenden Terminen statt.<\/p>\n<p>Jeder Teilnehmer erh\u00e4lt zu Beginn der Veranstaltung ein ausgedrucktes Manuskript.<\/p>\n<p>Kinder bis zum ersten Lebensjahr k\u00f6nnen mitgebracht werden.<\/p>\n<p>Kursort:<br \/>\nKursraum der Hebammenpraxis<br \/>\nSchulstra\u00dfe 17<br \/>\n71292 Friolzheim<\/p>\n<p>Die Mindestteilnehmerzahl f\u00fcr diesen Kurs betr\u00e4gt sechs Personen.<\/p>\n","protected":false},"excerpt":{"rendered":"<p>Dieses Seminarangebot findet an zwei aufeinanderfolgenden Terminen statt. Jeder Teilnehmer erh\u00e4lt zu Beginn der Veranstaltung ein ausgedrucktes Manuskript. Kinder bis zum ersten Lebensjahr k\u00f6nnen mitgebracht werden. Kursort: Kursraum der Hebammenpraxis Schulstra\u00dfe 17 71292 Friolzheim Die Mindestteilnehmerzahl f\u00fcr diesen Kurs betr\u00e4gt sechs Personen.<\/p>\n","protected":false},"featured_media":1223,"template":"","meta":[],"product_brand":[],"product_cat":[38],"product_tag":[],"class_list":{"0":"post-2916","1":"product","2":"type-product","3":"status-publish","4":"has-post-thumbnail","6":"product_cat-elternseminarkrankeskind","8":"first","9":"instock","10":"sold-individually","11":"shipping-taxable","12":"purchasable","13":"product-type-simple"},"_links":{"self":[{"href":"https:\/\/eltern1x1.de\/index.php\/wp-json\/wp\/v2\/product\/2916","targetHints":{"allow":["GET"]}}],"collection":[{"href":"https:\/\/eltern1x1.de\/index.php\/wp-json\/wp\/v2\/product"}],"about":[{"href":"https:\/\/eltern1x1.de\/index.php\/wp-json\/wp\/v2\/types\/product"}],"wp:featuredmedia":[{"embeddable":true,"href":"https:\/\/eltern1x1.de\/index.php\/wp-json\/wp\/v2\/media\/1223"}],"wp:attachment":[{"href":"https:\/\/eltern1x1.de\/index.php\/wp-json\/wp\/v2\/media?parent=2916"}],"wp:term":[{"taxonomy":"product_brand","embeddable":true,"href":"https:\/\/eltern1x1.de\/index.php\/wp-json\/wp\/v2\/product_brand?post=2916"},{"taxonomy":"product_cat","embeddable":true,"href":"https:\/\/eltern1x1.de\/index.php\/wp-json\/wp\/v2\/product_cat?post=2916"},{"taxonomy":"product_tag","embeddable":true,"href":"https:\/\/eltern1x1.de\/index.php\/wp-json\/wp\/v2\/product_tag?post=2916"}],"curies":[{"name":"wp","href":"https:\/\/api.w.org\/{rel}","templated":true}]}}