{"id":2955,"date":"2025-03-12T15:07:17","date_gmt":"2025-03-12T14:07:17","guid":{"rendered":"https:\/\/eltern1x1.de\/?post_type=product&#038;p=2955"},"modified":"2025-10-05T20:14:08","modified_gmt":"2025-10-05T18:14:08","slug":"fit-mit-bauch-das-geht-auch-kursbeginn-27-08-2025","status":"publish","type":"product","link":"https:\/\/eltern1x1.de\/index.php\/produkt\/fit-mit-bauch-das-geht-auch-kursbeginn-27-08-2025\/","title":{"rendered":"Fit mit Bauch &#8211; das geht auch &#8211; Kursbeginn 27.08.2025"},"content":{"rendered":"<p>Kursort:<br \/>\nKursraum der Hebammenpraxis<br \/>\nSchulstra\u00dfe 17<br \/>\n71292 Friolzheim<\/p>\n<p>Die Mindestteilnehmerzahl f\u00fcr diesen Kurs betr\u00e4gt sechs Personen.<\/p>\n","protected":false},"excerpt":{"rendered":"<p>Kursort: Kursraum der Hebammenpraxis Schulstra\u00dfe 17 71292 Friolzheim Die Mindestteilnehmerzahl f\u00fcr diesen Kurs betr\u00e4gt sechs Personen.<\/p>\n","protected":false},"featured_media":2138,"template":"","meta":[],"product_brand":[],"product_cat":[93],"product_tag":[],"class_list":{"0":"post-2955","1":"product","2":"type-product","3":"status-publish","4":"has-post-thumbnail","6":"product_cat-fit-mit-bauch-das-geht-auch","8":"first","9":"instock","10":"sold-individually","11":"shipping-taxable","12":"purchasable","13":"product-type-simple"},"_links":{"self":[{"href":"https:\/\/eltern1x1.de\/index.php\/wp-json\/wp\/v2\/product\/2955","targetHints":{"allow":["GET"]}}],"collection":[{"href":"https:\/\/eltern1x1.de\/index.php\/wp-json\/wp\/v2\/product"}],"about":[{"href":"https:\/\/eltern1x1.de\/index.php\/wp-json\/wp\/v2\/types\/product"}],"wp:featuredmedia":[{"embeddable":true,"href":"https:\/\/eltern1x1.de\/index.php\/wp-json\/wp\/v2\/media\/2138"}],"wp:attachment":[{"href":"https:\/\/eltern1x1.de\/index.php\/wp-json\/wp\/v2\/media?parent=2955"}],"wp:term":[{"taxonomy":"product_brand","embeddable":true,"href":"https:\/\/eltern1x1.de\/index.php\/wp-json\/wp\/v2\/product_brand?post=2955"},{"taxonomy":"product_cat","embeddable":true,"href":"https:\/\/eltern1x1.de\/index.php\/wp-json\/wp\/v2\/product_cat?post=2955"},{"taxonomy":"product_tag","embeddable":true,"href":"https:\/\/eltern1x1.de\/index.php\/wp-json\/wp\/v2\/product_tag?post=2955"}],"curies":[{"name":"wp","href":"https:\/\/api.w.org\/{rel}","templated":true}]}}

<p>Kursort:<br />
Kursraum der Hebammenpraxis<br />
Schulstraße 17<br />
71292 Friolzheim</p>
<p>Die Mindestteilnehmerzahl für diesen Kurs beträgt sechs Personen.</p>

<p>Kursort: Kursraum der Hebammenpraxis Schulstraße 17 71292 Friolzheim Die Mindestteilnehmerzahl für diesen Kurs beträgt sechs Personen.</p>
